isor of 18 and r.
9
Let p = 1652 + -1113. What is the highest common divisor of p and 49?
49
Let r be (-273)/(-42)*8/(-4)*-1. Calculate the greatest common factor of 533 and r.
13
Suppose -38*c - 54 = -44*c. What is the highest common factor of c and 9?
9
Suppose 3*p - 5*d - 882 = 38, d - 596 = -2*p. Calculate the greatest common factor of p and 60.
60
Let g = 31 + -26. Suppose 8*k - g*k = 27. What is the greatest common divisor of 36 and k?
9
Suppose -12*c - 6*c = -90. Calculate the highest common factor of c and 45.
5
Let y(d) = -3*d + 2. Let p be y(-2). Suppose -6*w + 2*w = -492. Let z = -51 + w. What is the greatest common divisor of z and p?
8
Suppose 2*v - 4 = -0*v. Let g(y) = -7*y + 6*y**2 - 8 - 2*y**2 - 2*y**v - y**2. Let m be g(12). What is the highest common divisor of m and 13?
13
Let b be (-228)/24*(-8)/1. Let a(z) be the first derivative of 4*z**3/3 - z**2/2 + z - 3. Let w be a(-2). Calculate the greatest common factor of w and b.
19
Suppose 4*c = 7*c + 6. Let d be 2 - (1 + c/1). What is the greatest common divisor of 15 and d?
3
Let w(v) = 2*v**2 - 75*v - 140. Let z be w(41). What is the greatest common factor of 84 and z?
21
Let y be 5/15 - (515/(-3) - 0). What is the greatest common factor of 43 and y?
43
Let q(i) = 5*i**2 + i - 81. Let l be q(-15). What is the greatest common divisor of 21 and l?
21
Let y(x) = x**3 - 5*x**2 + 5*x + 4. Let g = -62 + 66. Let a be y(g). What is the highest common divisor of a and 64?
8
Let f be ((-12)/(-14))/(27/126). Let a be 1 + (12/(-3))/f. Suppose 3*h + a*r = 2*r + 38, 2*h = 4*r + 20. What is the highest common divisor of h and 14?
14
Let c(b) = 3*b - 4. Let q be c(3). Suppose 1 = r - q*z, 2*r + 2*r + 5*z - 4 = 0. Let d be (270/(-90))/(1*-1). What is the greatest common divisor of d and r?
1
Let w(v) = -v**2 + 21*v - 105. Let q be w(12). What is the highest common factor of 48 and q?
3
Suppose 0 = 5*d - 25, s - 3*s + 2*d = 10. Let c be (148 - 1) + 4/(-1) - s. Calculate the greatest common factor of c and 13.
13
Let d(i) = 5*i**2 - 62*i + 257. Let w be d(5). Let g = -4 - -12. What is the highest common factor of w and g?
8
Suppose -5*l - 59 = -169. Let u = 26 - l. Let j be 1*3*(-120)/(-9). What is the highest common factor of u and j?
4
Let o(s) = 171*s - 103. Let y be o(5). What is the greatest common divisor of y and 16?
16
Suppose -120 = 793*r - 801*r. Suppose -11 = -o + 4. What is the greatest common factor of o and r?
15
Suppose -4*y = y - 40. What is the greatest common divisor of y and 72?
8
Let n = -2 + 7. Let f be -2 + 0 - 6/(-2). Let d = f + 14. Calculate the highest common factor of d and n.
5
Let f be 2 + 3 + -6 + 106. Let a = f + -96. What is the greatest common divisor of a and 45?
9
Let r be (-5)/(-1) + 1 + -3. Let j = -133 - -133. Suppose j = 2*t + r*t - 40. Calculate the highest common factor of 12 and t.
4
Suppose -54 = -4*x + x. Calculate the greatest common divisor of 45 and x.
9
Suppose -2*z - 32 + 104 = 0. Suppose -2872 = -27*g - 442. What is the highest common divisor of g and z?
18
Suppose -4*q - 8*g = -6*g - 306, g = q - 72. What is the greatest common divisor of q and 175?
25
Suppose -5*m - 11 = 119. Suppose 0 = -4*v + i + 3 + 237, 5*i = v - 79. Let o = m + v. What is the greatest common divisor of o and 11?
11
Let p(g) be the first derivative of -g**4/4 + g**3 + 7*g**2/2 - 6*g + 13. Let s be p(4). What is the highest common divisor of 6 and s?
6
Let v be (-20)/(-2) - (-22 + -14). What is the highest common factor of 46 and v?
46
Suppose 0 = -4*t - 4*z + 1644, 3*z = z - 10. Calculate the greatest common factor of 52 and t.
52
Let z(f) = f**2 + 34*f - 420. Let p be z(-46). What is the greatest common divisor of 108 and p?
12
Let f = 0 + 3. Suppose -2*u = -f*u + 14. Suppose -u - 26 = -2*c. What is the highest common factor of c and 180?
20
Let n(b) = -3*b - 15. Let q be n(-6). Suppose 0 = -2*d + d + 5*l + 306, -2*l - 866 = -q*d. What is the highest common divisor of d and 22?
22
Let p be ((-132)/28 - -3)/((-4)/14). Calculate the highest common factor of p and 54.
6
Let w(h) = h**3 - 3*h**2 - 2*h - 2. Let g be w(4). Suppose -2*q + 616 = 5*q. Suppose -q - 104 = -4*z. Calculate the highest common factor of g and z.
6
Let w(i) be the first derivative of -6*i**2 + 25*i - 10. Let m be w(-8). Calculate the highest common factor of 11 and m.
11
Suppose 2*c + 3 - 63 = 0. Let r be (-26)/4 + 7 - 118/(-4). What is the greatest common factor of r and c?
30
Let g be (114/133)/((-3)/(-434)). What is the greatest common divisor of g and 16?
4
Let k = 23 + 101. Let g(t) = 32*t**3 - 4*t**2 + 3*t. Let f be g(1). What is the greatest common factor of f and k?
31
Suppose 24*f - 27*f + 3*j = -714, -5*f + 1178 = -2*j. What is the highest common divisor of 624 and f?
78
Suppose 7*d - 8*d + 4*j = -51, 3*d - 5*j - 139 = 0. Calculate the highest common factor of 344 and d.
43
Suppose -26*u = 3290 - 11610. Calculate the greatest common divisor of u and 10.
10
Let a(c) = -64*c - 36. Let n be a(-4). Calculate the highest common divisor of 55 and n.
55
Suppose 0 = 3*k - k - 14. Let y be -9 + k + (-10)/(-2). Calculate the highest common divisor of 12 and y.
3
Let c be (-2)/(-7) + 1320/35. Let h = -59 + c. Let p be 250/7 - 6/h. Calculate the highest common divisor of 12 and p.
12
Let m(n) = n**2 - 7*n + 3. Let j be m(7). Let v(b) = 29*b - 4 + 42*b - 9*b. Let w be v(j). Calculate the highest common factor of 26 and w.
26
Suppose -3*j + 0*u - 3*u + 282 = 0, 0 = -j - 3*u + 102. What is the greatest common factor of j and 120?
30
Let t = -1 + 6. Suppose 3*c = 4*o - 14 - 5, -t*c = o + 1. Let k = o - -5. What is the highest common factor of k and 45?
9
Suppose -2*s - 6 = 3*m, 3*s - 6 = -4*m - 15. Suppose 0 = -2*x - 5*v + 42, 0 = 3*v - m*v. Calculate the greatest common divisor of x and 63.
21
Let b(l) = -10*l - 366. Let t be b(-45). What is the highest common factor of t and 112?
28
Suppose 101*z - 112*z = -187. What is the greatest common factor of 357 and z?
17
Suppose 4*p = 2*d + 4 + 6, -3*d - 5*p + 29 = 0. Suppose -4*a = -4*g - 132, -4*a + 71 = -2*a - d*g. Calculate the highest common divisor of a and 4.
4
Let z(r) = r**3 + 9*r**2 + 4*r + 10. Let x be z(-9). Let s = 16 + x. Let u be 48/s*40/(-12). What is the highest common divisor of 16 and u?
16
Suppose -29*r - 2655 = -88*r. Calculate the highest common factor of r and 9.
9
Suppose 6*j = 109 + 3071. What is the greatest common factor of j and 318?
106
Let m = -76 + 46. Let r = m - -43. Let i = r - 8. Calculate the greatest common factor of 55 and i.
5
Let k(h) = 11*h**2 + 2*h + 1. Let p be k(1). Let o(w) = -w + 20. Let r be o(-8). Calculate the greatest common factor of r and p.
14
Let j = -333 + 343. What is the highest common factor of 1350 and j?
10
Let d be 4611/12 + 1/(-4). Let l be 0 + 15/(-4)*d/(-9). Calculate the greatest common divisor of l and 20.
20
Let c be ((-14)/(-6))/(17/51). Suppose c*m = 3*m + 4. What is the highest common factor of m and 5?
1
Suppose 2*b + 4*h - 78 = -0*h, -b = 4*h - 37. Suppose -3*a + 50 = b. Let v(i) = -4*i - 4. Let r be v(-4). Calculate the highest common divisor of r and a.
3
Let g = -39 + 10. Let v be (-2)/(-4) + 148/(-8). Let z = v - g. Calculate the highest common divisor of 55 and z.
11
Let v be 118*5 + (20 - 18). Calculate the greatest common factor of v and 37.
37
Suppose 16*j - 65 = -17. What is the highest common divisor of j and 1?
1
Let q be 18/((9/(-27))/(-1)). Calculate the highest common divisor of 1242 and q.
54
Let w(q) = -q + 2. Let o = 12 - 8. Let p be w(o). Let b = p + 18. Calculate the highest common divisor of 8 and b.
8
Let v = 243 - 12. Suppose -63 = -30*p + 27*p. What is the greatest common factor of v and p?
21
Let k be (-46)/(-7) - (-5)/(70/6). Suppose -3*j + 0*j - k = -2*o, 4*j - 9 = -o. What is the greatest common factor of o and 5?
5
Suppose -82 - 188 = -3*t. Calculate the greatest common factor of t and 20.
10
Let r be (5 + -7 + 30)/(3 + -1). Calculate the greatest common divisor of r and 749.
7
Let s be 138/15*(-25)/(-10) - -3. Calculate the highest common factor of 26 and s.
26
Let o = 148 - 87. What is the highest common divisor of 671 and o?
61
Let j = 1807 + -1796. What is the highest common divisor of j and 1001?
11
Let f(s) = s**3 - 2*s. Let j be f(0). Suppose j = -g + 2*g 